86*u = -36. Calculate the greatest common divisor of u and 180.
12
Let c be 2 - (1 + (-22)/(-1)). Let z be ((3 + 4)/c)/(1/(-48)). What is the highest common factor of z and 48?
16
Suppose -f + 4 - 1 = 0. Suppose -2*c = -f*c + 4. Suppose 0 = -c*o + 998 + 58. What is the highest common factor of 24 and o?
24
Let b = -134 + 226. Let z = b - 1. Suppose 0 = -5*q - 20, -5*q = -3*y - 3*q + 47. What is the greatest common factor of z and y?
13
Suppose -4*l - 3*v = 1652, v = -5*l + 6*l + 420. Let n = l + 775. Let j = n - 245. Calculate the highest common factor of j and 76.
38
Let w(h) = 279*h**3 + 33*h - 34. Let f be w(1). Let o = f + -258. What is the highest common divisor of o and 740?
20
Let f = -4534 - -4667. What is the greatest common divisor of f and 1463?
133
Let c = -11 + 13. Suppose 3*p = -2*m - 5, m = 3 + c. Let l be ((-108)/(-10))/((-2)/p). What is the greatest common divisor of 18 and l?
9
Let m(s) = -3*s**2 + 26*s + 181. Let h be m(13). Let f(c) = -c**3 + 7*c**2 - 5*c + 2. Let d be f(6). What is the highest common divisor of h and d?
4
Let t be 5/20*6 + 30/(-12). Let s = 4 + -8. Let h be 0 - t - (s - (-1 - -8)). What is the greatest common divisor of 48 and h?
12
Let l = -1112 - -1128. Calculate the highest common divisor of 18 and l.
2
Suppose 0 = -8*f + 539 - 83. Suppose 28*i = 38*i - 380. What is the highest common divisor of f and i?
19
Suppose 7*q = 3*q - 7*d + 1548, -3*q + 1136 = -d. What is the greatest common factor of q and 60?
20
Suppose -4*t + 5*d = -26, -d - 4*d - 18 = -2*t. Suppose -t*j + 21 = 5. Calculate the highest common factor of 20 and j.
4
Let x(m) = -11*m + 29. Let g be x(3). Let h be (-6438)/(-145) - g/(-10). What is the highest common factor of 11 and h?
11
Let v be 2/(-2) - 1/(2/(-8)). Suppose -3*k + 1174 = 4*g - 565, 0 = v*g + 3*k - 1305. What is the highest common divisor of 28 and g?
14
Let h(a) be the second derivative of a**3 + 65*a**2/2 - 133*a. Let p be h(-9). What is the greatest common factor of 253 and p?
11
Suppose 0 = 9*o - 15*o + 360. Let l be 5*(-1965)/o*132/(-15). What is the greatest common divisor of l and 11?
11
Suppose -5*t + 626 = -2*m, 502 = 4*t - m - m. What is the highest common factor of t and 868?
124
Let u = 15 + 10. Let o(d) be the second derivative of 4*d**3/3 + 181*d**2/2 - d + 94. Let q be o(-22). What is the highest common factor of q and u?
5
Suppose -15 = 4*i + 3*u, -5*i + 17*u + 95 = 12*u. Suppose 644 = 5*r + 4*y, y = 3*r - y - 404. Calculate the highest common factor of i and r.
6
Let j be 2058/98*8/7. What is the greatest common factor of j and 1572?
12
Let b = -65609 + 65625. Suppose -6*c + 448 = -2*c. Calculate the greatest common factor of c and b.
16
Let d be 17130/66 + (-48)/88. Calculate the highest common divisor of 119 and d.
7
Suppose 20*m - 1175 = 15*m. Suppose -m = -i - 16. What is the highest common divisor of i and 73?
73
Let x(c) = c**3 + 64*c**2 + 55*c - 200. Let y be x(-63). What is the highest common factor of y and 320?
16
Let g(y) be the second derivative of y**4/12 + 25*y**3/6 - 109*y**2/2 - 3*y - 4. Let v be g(13). What is the highest common factor of 35 and v?
35
Let y be 40/(-180) - (-947)/9. Let t = -3635 - -3775. Calculate the greatest common factor of t and y.
35
Let p be 2/(4/10)*((-1012)/(-55) + -12). What is the highest common factor of 54752 and p?
32
Let c be -1*(-11 - (-32)/(-12)*18). Calculate the highest common divisor of c and 8.
1
Let i(t) = -119*t + 5. Let x be i(-1). Let d = 142 - x. Calculate the highest common factor of 36 and d.
18
Let a(h) = 33*h - 10. Let z(x) = -x. Let q(l) = -a(l) - 6*z(l). Let t be q(-2). Calculate the highest common factor of 32 and t.
32
Let o(z) = 35*z - 20. Let b(l) = 107*l - 60. Let x(f) = -4*b(f) + 11*o(f). Let w be x(-1). Calculate the highest common factor of w and 7.
7
Let h(g) = -g**2 + 7*g - 5. Let c = -54 - -57. Suppose c = 6*f - 5*f. Let v be h(f). Calculate the highest common factor of 7 and v.
7
Suppose 8*s - 22 = -46. Let x be (s + -1)/(12/(-48)). Calculate the greatest common factor of x and 112.
16
Suppose -51*j + 56*j - o - 118 = 0, 4*j - o = 94. Calculate the greatest common factor of j and 8748.
12
Suppose -279*b + 85324 - 17352 = -85478. Calculate the greatest common factor of 330 and b.
110
Let o be (-29930)/(-2050) - (-1)/(-5)*-7. What is the greatest common factor of 824 and o?
8
Let m(g) = -3*g**3 - 24*g**2 - 51*g + 22. Let z be m(-7). Calculate the greatest common divisor of z and 261.
29
Let c(a) = 35*a + 7530. Let o be c(-157). What is the greatest common factor of 165 and o?
55
Let l(g) = 5*g + 15. Let o be l(-12). Let i(s) = 3*s + 32. Let m be i(5). Let d = m + o. What is the greatest common factor of d and 18?
2
Let g = 41 + -5. Let i be 3 - 0 - -30 - (-106 + 115). What is the greatest common divisor of i and g?
12
Let a be -387*3/(-9) - 3. Let f(k) be the second derivative of -k**4/12 + 9*k**2 + 3*k. Let t be f(0). What is the highest common divisor of a and t?
18
Let w(q) = 14*q - 96. Let p be w(7). Suppose -p*g + 143 = c - 3*g, -715 = -5*c - 5*g. What is the highest common divisor of 22 and c?
11
Let i(r) = 7*r**2 + 701*r + 115. Let q be i(-100). Let p(v) = 3 + 4 + 2*v**2 + 9*v + 7 - 4. Let k be p(-7). What is the highest common divisor of q and k?
15
Let a be ((-69)/(-4))/(6/168*21). Let q(l) = 5*l**2 + 2*l - 12. Let k be q(-6). Suppose -2*y - 18 = -k. Calculate the highest common divisor of y and a.
23
Let b be -1 + (-3)/(-1)*1. Suppose -4*n + 4*u = -56, b*n = 4*n + 4*u - 58. Suppose 171*f - 16005 - 13236 = 0. What is the highest common divisor of f and n?
19
Suppose 592*n - 3333 - 5115 = 548*n. What is the greatest common factor of 13632 and n?
192
Suppose 377 = 13*y + 16*y. Let q be ((-65)/10)/y*-180. What is the greatest common divisor of q and 495?
45
Suppose 0 = 3*x + 3, 241 = -2*a + 3*x + 304. Suppose 2 + 1 = -3*p, -t = 3*p - 45. What is the greatest common divisor of t and a?
6
Let w = -3949 + 4887. Calculate the greatest common divisor of w and 8.
2
Let o(x) = 642*x**2 + 6*x - 9. Let d be o(1). What is the greatest common divisor of d and 18?
9
Suppose 0 = 4*t + t - 105. Let c be -1*3/(-3)*(-186)/6. Let p = c - -38. What is the greatest common factor of t and p?
7
Let u(z) = z**3 + 16*z**2 + 13*z - 46. Let g be u(-14). Suppose -61 - g = -3*i. Calculate the greatest common divisor of 50 and i.
25
Let w be -3 + (-1054)/(-4) + (-7)/(-14). Suppose -24*x + 15*x + w = 0. Calculate the greatest common divisor of 464 and x.
29
Suppose -21*j + 24*j = 21. Let f(m) = 34*m + 1397. Let k be f(-41). Calculate the greatest common factor of j and k.
1
Suppose -4*w = 43*x - 47*x - 224, 2*x + 58 = w. Calculate the greatest common divisor of 1548 and w.
18
Let i be (-28)/(-6)*-96*3/(-14). What is the highest common factor of i and 4896?
96
Suppose 0*r - 18240 = -24*r. Suppose -9*k - 10*k + r = 0. Calculate the highest common divisor of k and 260.
20
Let t be (-3)/(-6)*(-152)/6*-90. Let m = t + -580. Suppose 0 = -11*h + 6*h + m. Calculate the greatest common factor of 28 and h.
28
Let h = 15565 - 13186. What is the highest common factor of 2013 and h?
183
Suppose -457 = -12*d + 348 - 37. Let u be (1 - 3)/(1/(-2)). Calculate the highest common divisor of d and u.
4
Let d be 3 - ((0 - 3) + (9 - 5)). Suppose b - v = 14, 5*b + 0*v = -d*v + 77. Calculate the greatest common divisor of 135 and b.
15
Let q(r) = -3*r**3 - 76*r**2 - 97*r + 70. Let c be q(-24). Calculate the highest common divisor of c and 78208.
94
Suppose 32*g = 11*g + 6930. Suppose 4*f = 2*f, 2*f = -3*x + g. Calculate the greatest common factor of 33 and x.
11
Suppose -8*o + 16*o = 344. Suppose h - 3*u = o - 3, -5*u = 5*h - 120. Let s be 3/(-1) - (6 + -79). Calculate the greatest common divisor of h and s.
14
Suppose 482*d = 485*d - 1515. Suppose -4*x + 4*f + 65 + 363 = 0, 5*x + f = d. Calculate the highest common divisor of x and 255.
51
Let x be 978/2 + -1 + 2. Let v be (-63)/2457 + (-2731)/(-39). What is the highest common factor of v and x?
70
Suppose 0 = 78*a - 77*a - 34. Suppose -6*s = -a + 40. Let k = 59 - s. Calculate the highest common divisor of 15 and k.
15
Let o(t) = -8*t**3 + 10*t**2 + 29*t + 10. Let k be o(-2). Suppose -616 = -5*h + h. What is the highest common divisor of h and k?
14
Let q(u) = 5*u**3 + 203*u**2